.
402
Calculate the remainder when 6198198 is divided by 309909.
18
Calculate the remainder when 19712 is divided by 2441.
184
Calculate the remainder when 29267206 is divided by 110027.
24
Calculate the remainder when 1063986 is divided by 11819.
276
What is the remainder when 661663 is divided by 220535?
58
What is the remainder when 145414 is divided by 594?
478
Calculate the remainder when 83937 is divided by 21.
0
What is the remainder when 1541292 is divided by 55019?
760
What is the remainder when 4098510 is divided by 4098501?
9
Calculate the remainder when 266318 is divided by 37966.
556
Calculate the remainder when 260751389 is divided by 1230.
1229
Calculate the remainder when 201227 is divided by 147.
131
What is the remainder when 135724528 is divided by 110166?
16
Calculate the remainder when 47043373 is divided by 130314.
19
What is the remainder when 24906491 is divided by 4981298?
1
What is the remainder when 969326 is divided by 484533?
260
What is the remainder when 2456 is divided by 2434?
22
What is the remainder when 101137 is divided by 100946?
191
What is the remainder when 651612 is divided by 71?
45
What is the remainder when 33153 is divided by 2760?
33
What is the remainder when 6239233 is divided by 52?
13
Calculate the remainder when 62033380 is divided by 943.
11
What is the remainder when 1296436 is divided by 5?
1
Calculate the remainder when 140187 is divided by 70088.
11
Calculate the remainder when 276787 is divided by 69131.
263
Calculate the remainder when 2458700 is divided by 18913.
10
What is the remainder when 20597040 is divided by 2111?
13
Calculate the remainder when 774547 is divided by 576.
403
What is the remainder when 3629295 is divided by 3226?
45
What is the remainder when 51643 is divided by 40?
3
What is the remainder when 40123303 is divided by 143?
77
Calculate the remainder when 2183166 is divided by 4645.
16
Calculate the remainder when 131717 is divided by 4091.
805
Calculate the remainder when 2439037 is divided by 6794.
6785
What is the remainder when 1162807 is divided by 105709?
8
What is the remainder when 3107056 is divided by 283?
282
What is the remainder when 506772 is divided by 2177?
1708
Calculate the remainder when 882412 is divided by 46442.
14
What is the remainder when 295472 is divided by 598?
60
Calculate the remainder when 1830578 is divided by 307.
244
What is the remainder when 210242 is divided by 20111?
9132
What is the remainder when 64837734 is divided by 4806?
4794
What is the remainder when 14178 is divided by 6627?
924
Calculate the remainder when 2787 is divided by 1488.
1299
Calculate the remainder when 23453 is divided by 21973.
1480
Calculate the remainder when 197659 is divided by 27.
19
What is the remainder when 1141428 is divided by 618?
600
What is the remainder when 759880464 is divided by 2195?
2194
What is the remainder when 6023148 is divided by 572?
560
What is the remainder when 806987 is divided by 248?
243
What is the remainder when 86076 is divided by 546?
354
Calculate the remainder when 185534 is divided by 19.
18
Calculate the remainder when 3122729 is divided by 390324.
137
Calculate the remainder when 5479369 is divided by 38.
35
Calculate the remainder when 169211 is divided by 56390.
41
What is the remainder when 396842 is divided by 1319?
1142
What is the remainder when 1137331 is divided by 1135599?
1732
What is the remainder when 4541205 is divided by 1790?
1765
What is the remainder when 32184 is divided by 10721?
21
Calculate the remainder when 233283 is divided by 648.
3
Calculate the remainder when 23896833 is divided by 138935.
13
What is the remainder when 39369 is divided by 19116?
1137
What is the remainder when 6747965 is divided by 843483?
101
Calculate the remainder when 2222885 is divided by 13.
2
What is the remainder when 244460 is divided by 11639?
41
Calculate the remainder when 2202348 is divided by 46.
6
Calculate the remainder when 5229951 is divided by 9.
6
Calculate the remainder when 16281301 is divided by 691.
650
What is the remainder when 754840 is divided by 147?
142
What is the remainder when 433203 is divided by 216543?
117
Calculate the remainder when 32055 is divided by 46.
39
Calculate the remainder when 35712471 is divided by 628.
623
Calculate the remainder when 11158667 is divided by 2493.
2492
Calculate the remainder when 272920 is divided by 762.
124
What is the remainder when 3153439 is divided by 524?
7
Calculate the remainder when 68117326 is divided by 4596.
10
Calculate the remainder when 336065 is divided by 1482.
1133
Calculate the remainder when 1444667 is divided by 39.
29
What is the remainder when 46219662 is divided by 1437?
1431
What is the remainder when 25895 is divided by 8456?
527
Calculate the remainder when 422856 is divided by 84187.
1921
Calculate the remainder when 2491235 is divided by 249123.
5
What is the remainder when 504745 is divided by 16651?
5215
Calculate the remainder when 11512779 is divided by 1644682.
5
What is the remainder when 310832290 is divided by 44404612?
6
Calculate the remainder when 1694013 is divided by 353.
319
Calculate the remainder when 1018120 is divided by 568.
264
What is the remainder when 341128 is divided by 9463?
460
What is the remainder when 8974353 is divided by 13?
11
Calculate the remainder when 317216 is divided by 2199.
560
Calculate the remainder when 4474474 is divided by 26.
4
What is the remainder when 119935 is divided by 6583?
1441
Calculate the remainder when 29912570 is divided by 2198.
2186
What is the remainder when 5155957 is divided by 37361?
139
What is the remainder when 14750088 is divided by 56298?
12
Calculate the remainder when 4987874 is divided by 7843.
7569
Calculate the remainder when 4856706 is divided by 20.
6
Calculate the remainder when 8777773 is divided by 4567.
4566
What is the remainder when 7050965 is divided by 7050923?
42
Calculate the remainder when 8236371 is divided by 7.
3
What is the remainder when 20248120 is divided by 1840737?
13
Calculate the remainder when 1129359 is divided by 56.
7
Calculate the remainder when 2211372 is divided by 9.
0
Calculate the remainder when 52194506 is divided by 199.
189
What is the remainder when 107044 is divided by 75?
19
Calculate the remainder when 11252418 is divided by 1875402.
6
Calculate the remainder when 28478 is divided by 13212.
2054
Calculate the remainder when 2203537 is divided by 39.
37
What is the remainder when 248312899 is divided by 15717?
16
Calculate the remainder when 494018401 is divided by 2226.
2221
What is the remainder when 87878 is divided by 17545?
153
What is the remainder when 1710695 is divided by 640?
615
What is the remainder when 30821 is divided by 377?
284
What is the remainder when 126126 is divided by 3746?
2508
Calculate the remainder when 6599176 is divided by 3954.
3904
Calculate the remainder when 47623675 is divided by 1280.
1275
Calculate the remainder when 2390539 is divided by 601.
362
What is the remainder when 1446144 is divided by 218?
150
What is the remainder when 144572 is divided by 7555?
1027
What is the remainder when 4191368 is divided by 159?
128
Calculate the remainder when 3809824 is divided by 3.
1
What is the remainder when 66775 is divided by 3273?
1315
What is the remainder when 40110 is divided by 311?
302
Calculate the remainder when 800677 is divided by 4003.
77
Calculate the remainder when 1555343 is divided by 8689.
12
What is the remainder when 182003 is divided by 1084?
975
What is the remainder when 218879 is divided by 4756?
103
Calculate the remainder when 108022038 is divided by 280.
278
Calculate the remainder when 3120734 is divided by 831.
329
Calculate the remainder when 31249803 is divided by 101.
100
What is the remainder when 134944 is divided by 19079?
1391
What is the remainder when 225397 is divided by 74764?
1105
Calculate the remainder when 41250028 is divided by 122.
120
What is the remainder when 257982 is divided by 42923?
444
What is the remainder when 134880 is divided by 83?
5
Calculate the remainder when 50957 is divided by 56.
53
Calculate the remainder when 176716 is divided by 3835.
306
Calculate the remainder when 5726885 is divided by 1860.
1805
What is the